{"id":11,"date":"2023-12-11T10:55:32","date_gmt":"2023-12-11T13:55:32","guid":{"rendered":"https:\/\/siteyoficial.com.br\/?page_id=11"},"modified":"2023-12-18T10:28:52","modified_gmt":"2023-12-18T13:28:52","slug":"lp-de-captacao","status":"publish","type":"page","link":"https:\/\/siteyoficial.com.br\/","title":{"rendered":"Lp de Capta\u00e7\u00e3o"},"content":{"rendered":"\t\t<div data-elementor-type=\"wp-page\" data-elementor-id=\"11\" class=\"elementor elementor-11\">\n\t\t\t\t\t\t\t<div class=\"elementor-element elementor-element-a9f96bb e-flex e-con-boxed e-con e-parent\" data-id=\"a9f96bb\" data-element_type=\"container\" data-settings=\"{&quot;background_background&quot;:&quot;classic&quot;,&quot;content_width&quot;:&quot;boxed&quot;}\" data-core-v316-plus=\"true\">\n\t\t\t\t\t<div class=\"e-con-inner\">\n\t\t<div class=\"elementor-element elementor-element-d418c5e e-con-full e-flex e-con e-child\" data-id=\"d418c5e\" data-element_type=\"container\" data-settings=\"{&quot;content_width&quot;:&quot;full&quot;}\">\n\t\t\t\t<div class=\"elementor-element elementor-element-2d50668 elementor-widget elementor-widget-image\" data-id=\"2d50668\" data-element_type=\"widget\" data-widget_type=\"image.default\">\n\t\t\t\t<div class=\"elementor-widget-container\">\n\t\t\t<style>\/*! elementor - v3.18.0 - 08-12-2023 *\/\n.elementor-widget-image{text-align:center}.elementor-widget-image a{display:inline-block}.elementor-widget-image a img[src$=\".svg\"]{width:48px}.elementor-widget-image img{vertical-align:middle;display:inline-block}<\/style>\t\t\t\t\t\t\t\t\t\t\t\t<img fetchpriority=\"high\" decoding=\"async\" width=\"519\" height=\"530\" src=\"https:\/\/siteyoficial.com.br\/wp-content\/uploads\/2023\/12\/y.png\" class=\"attachment-large size-large wp-image-27\" alt=\"\" srcset=\"https:\/\/siteyoficial.com.br\/wp-content\/uploads\/2023\/12\/y.png 519w, https:\/\/siteyoficial.com.br\/wp-content\/uploads\/2023\/12\/y-294x300.png 294w\" sizes=\"(max-width: 519px) 100vw, 519px\" \/>\t\t\t\t\t\t\t\t\t\t\t\t\t\t\t<\/div>\n\t\t\t\t<\/div>\n\t\t\t\t<div class=\"elementor-element elementor-element-9c1ba3f elementor-widget elementor-widget-heading\" data-id=\"9c1ba3f\" data-element_type=\"widget\" data-widget_type=\"heading.default\">\n\t\t\t\t<div class=\"elementor-widget-container\">\n\t\t\t<style>\/*! elementor - v3.18.0 - 08-12-2023 *\/\n.elementor-heading-title{padding:0;margin:0;line-height:1}.elementor-widget-heading .elementor-heading-title[class*=elementor-size-]>a{color:inherit;font-size:inherit;line-height:inherit}.elementor-widget-heading .elementor-heading-title.elementor-size-small{font-size:15px}.elementor-widget-heading .elementor-heading-title.elementor-size-medium{font-size:19px}.elementor-widget-heading .elementor-heading-title.elementor-size-large{font-size:29px}.elementor-widget-heading .elementor-heading-title.elementor-size-xl{font-size:39px}.elementor-widget-heading .elementor-heading-title.elementor-size-xxl{font-size:59px}<\/style><h2 class=\"elementor-heading-title elementor-size-default\">Lan\u00e7amento do Novo Site + Campanha de Natal<\/h2>\t\t<\/div>\n\t\t\t\t<\/div>\n\t\t\t\t<div class=\"elementor-element elementor-element-709e520 elementor-widget elementor-widget-heading\" data-id=\"709e520\" data-element_type=\"widget\" data-widget_type=\"heading.default\">\n\t\t\t\t<div class=\"elementor-widget-container\">\n\t\t\t<h2 class=\"elementor-heading-title elementor-size-default\">Entre no Grupo Vip para ter acesso <br>ao Frete fixo e cupom de desconto de 10% na primeira compra<\/h2>\t\t<\/div>\n\t\t\t\t<\/div>\n\t\t\t\t<div class=\"elementor-element elementor-element-9101367 elementor-align-justify disparo-lead elementor-widget elementor-widget-button\" data-id=\"9101367\" data-element_type=\"widget\" id=\"disparo-lead\" data-widget_type=\"button.default\">\n\t\t\t\t<div class=\"elementor-widget-container\">\n\t\t\t\t\t<div class=\"elementor-button-wrapper\">\n\t\t\t<a class=\"elementor-button elementor-button-link elementor-size-sm\" href=\"https:\/\/chat.whatsapp.com\/GqlYkp58OmV1FUFuItzptL\">\n\t\t\t\t\t\t<span class=\"elementor-button-content-wrapper\">\n\t\t\t\t\t\t<span class=\"elementor-button-text\">Acessar Grupo Vip<\/span>\n\t\t<\/span>\n\t\t\t\t\t<\/a>\n\t\t<\/div>\n\t\t\t\t<\/div>\n\t\t\t\t<\/div>\n\t\t\t\t<\/div>\n\t\t<div class=\"elementor-element elementor-element-c285397 e-con-full e-flex e-con e-child\" data-id=\"c285397\" data-element_type=\"container\" data-settings=\"{&quot;content_width&quot;:&quot;full&quot;}\">\n\t\t\t\t<\/div>\n\t\t\t\t\t<\/div>\n\t\t\t\t<\/div>\n\t\t<div class=\"elementor-element elementor-element-6cd3bb4 e-flex e-con-boxed e-con e-parent\" data-id=\"6cd3bb4\" data-element_type=\"container\" data-settings=\"{&quot;content_width&quot;:&quot;boxed&quot;}\" data-core-v316-plus=\"true\">\n\t\t\t\t\t<div class=\"e-con-inner\">\n\t\t<div class=\"elementor-element elementor-element-ac65065 e-con-full e-flex e-con e-child\" data-id=\"ac65065\" data-element_type=\"container\" data-settings=\"{&quot;content_width&quot;:&quot;full&quot;}\">\n\t\t\t\t<div class=\"elementor-element elementor-element-7fbe0ec elementor-widget elementor-widget-image\" data-id=\"7fbe0ec\" data-element_type=\"widget\" data-widget_type=\"image.default\">\n\t\t\t\t<div class=\"elementor-widget-container\">\n\t\t\t\t\t\t\t\t\t\t\t\t\t\t\t<img decoding=\"async\" width=\"724\" height=\"1024\" src=\"https:\/\/siteyoficial.com.br\/wp-content\/uploads\/2023\/12\/fotos-724x1024.png\" class=\"attachment-large size-large wp-image-31\" alt=\"\" srcset=\"https:\/\/siteyoficial.com.br\/wp-content\/uploads\/2023\/12\/fotos-724x1024.png 724w, https:\/\/siteyoficial.com.br\/wp-content\/uploads\/2023\/12\/fotos-212x300.png 212w, https:\/\/siteyoficial.com.br\/wp-content\/uploads\/2023\/12\/fotos-768x1087.png 768w, https:\/\/siteyoficial.com.br\/wp-content\/uploads\/2023\/12\/fotos.png 918w\" sizes=\"(max-width: 724px) 100vw, 724px\" \/>\t\t\t\t\t\t\t\t\t\t\t\t\t\t\t<\/div>\n\t\t\t\t<\/div>\n\t\t\t\t<\/div>\n\t\t<div class=\"elementor-element elementor-element-bfc6a8f e-con-full e-flex e-con e-child\" data-id=\"bfc6a8f\" data-element_type=\"container\" data-settings=\"{&quot;content_width&quot;:&quot;full&quot;}\">\n\t\t\t\t<div class=\"elementor-element elementor-element-ceab697 elementor-widget elementor-widget-heading\" data-id=\"ceab697\" data-element_type=\"widget\" data-widget_type=\"heading.default\">\n\t\t\t\t<div class=\"elementor-widget-container\">\n\t\t\t<h2 class=\"elementor-heading-title elementor-size-default\">Quem Somos?<\/h2>\t\t<\/div>\n\t\t\t\t<\/div>\n\t\t\t\t<div class=\"elementor-element elementor-element-dfead27 elementor-widget elementor-widget-heading\" data-id=\"dfead27\" data-element_type=\"widget\" data-widget_type=\"heading.default\">\n\t\t\t\t<div class=\"elementor-widget-container\">\n\t\t\t<h2 class=\"elementor-heading-title elementor-size-default\">Do cora\u00e7\u00e3o de uma jovem sacoleira, que ainda crian\u00e7a rodava por Minas Gerais acompanhando a m\u00e3e vendendo roupa, nasce um sonho de democratizar a moda, levando muito mais dos que uma pe\u00e7a de roupa, levando uma oportunidade para mulheres se vestirem bem, pagando um pre\u00e7o justo e em um lugar requintado. A Joyce menina sonhou com a Y que a Joyce mulher est\u00e1 construindo.<br><br>E, com muito trabalho, dedica\u00e7\u00e3o e incont\u00e1veis idas e vindas entre Belo Horizonte e Br\u00e1s de uma mulher que \u00e9, acima de tudo, guerreira, o sonho se tornou realidade em mais de 20 lojas espalhadas por Minas Gerais, alcan\u00e7ando muita mulher que pode se valorizar ainda mais com os nossos looks e ganhar ainda mais for\u00e7a para lutar pelos seus sonhos.<br><br>Aquela menina que quebrou 3 vezes tinha tudo para desistir, a todo tempo, mas sempre viveu para resistir, persistir e confiar na sua for\u00e7a, determina\u00e7\u00e3o e vontade de transformar: a sua hist\u00f3ria, o seu destino e todas as chances de \u201cdar errado\u201d em oportunidades para construir o seu sonho.<br><br>Com uma miss\u00e3o clara de democratizar a moda, todo o trabalho da marca \u00e9 pautado em 2 requisitos inegoci\u00e1veis: Qualidade e pre\u00e7o justo. Todas as pe\u00e7as s\u00e3o escolhidas prezando por esses requisitos e provando, h\u00e1 mais de 20 anos, que \u00e9 completamente poss\u00edvel se vestir bem, se sentir bem e pagar um pre\u00e7o justo por isso.<br><br>A Y n\u00e3o vende uma etiqueta, vende a oportunidade da mulher sem quem ela quiser, vestir o que a valoriza e transformar um look em uma ferramenta de for\u00e7a, poder e vontade de fazer a diferen\u00e7a no mundo.<br><br>Comprar na Y n\u00e3o \u00e9 somente uma compra, \u00e9 uma experi\u00eancia que faz cada cliente se sentir acolhida em um lugar que ela merece, bonito, bem cuidado e que se pode sentir o amor em cada detalhe, desde a decora\u00e7\u00e3o, passando pela forma como as roupas s\u00e3o arrumadas e at\u00e9 o cheiro \u00fanico de uma marca que \u00e9 \u00fanica no cora\u00e7\u00e3o das suas clientes.<br><br>A moda muda, mas o que n\u00e3o sai de moda \u00e9 voc\u00ea se sentir bem a cada look que voc\u00ea escolhe, a cada roupa que te faz ter a autoestima elevada e conquistar o que voc\u00ea sempre sonhou! Se vestir bem nunca sai de moda, se vestir bem \u00e9 vestir Y!<\/h2>\t\t<\/div>\n\t\t\t\t<\/div>\n\t\t\t\t<div class=\"elementor-element elementor-element-5b47faa elementor-align-justify disparo-lead elementor-widget elementor-widget-button\" data-id=\"5b47faa\" data-element_type=\"widget\" id=\"disparo-lead\" data-widget_type=\"button.default\">\n\t\t\t\t<div class=\"elementor-widget-container\">\n\t\t\t\t\t<div class=\"elementor-button-wrapper\">\n\t\t\t<a class=\"elementor-button elementor-button-link elementor-size-sm\" href=\"https:\/\/chat.whatsapp.com\/GqlYkp58OmV1FUFuItzptL\">\n\t\t\t\t\t\t<span class=\"elementor-button-content-wrapper\">\n\t\t\t\t\t\t<span class=\"elementor-button-text\">Acessar Grupo Vip<\/span>\n\t\t<\/span>\n\t\t\t\t\t<\/a>\n\t\t<\/div>\n\t\t\t\t<\/div>\n\t\t\t\t<\/div>\n\t\t\t\t<\/div>\n\t\t\t\t\t<\/div>\n\t\t\t\t<\/div>\n\t\t\t\t\t\t\t<\/div>\n\t\t","protected":false},"excerpt":{"rendered":"<p>Lan\u00e7amento do Novo Site + Campanha de Natal Entre no Grupo Vip para ter acesso ao Frete fixo e cupom de desconto de 10% na primeira compra Acessar Grupo Vip Quem Somos? Do cora\u00e7\u00e3o de uma jovem sacoleira, que ainda crian\u00e7a rodava por Minas Gerais acompanhando a m\u00e3e vendendo roupa, nasce um sonho de democratizar [&hellip;]<\/p>\n","protected":false},"author":1,"featured_media":0,"parent":0,"menu_order":0,"comment_status":"closed","ping_status":"closed","template":"elementor_canvas","meta":{"om_disable_all_campaigns":false,"_monsterinsights_skip_tracking":false,"_monsterinsights_sitenote_active":false,"_monsterinsights_sitenote_note":"","_monsterinsights_sitenote_category":0,"footnotes":""},"aioseo_notices":[],"_links":{"self":[{"href":"https:\/\/siteyoficial.com.br\/index.php?rest_route=\/wp\/v2\/pages\/11"}],"collection":[{"href":"https:\/\/siteyoficial.com.br\/index.php?rest_route=\/wp\/v2\/pages"}],"about":[{"href":"https:\/\/siteyoficial.com.br\/index.php?rest_route=\/wp\/v2\/types\/page"}],"author":[{"embeddable":true,"href":"https:\/\/siteyoficial.com.br\/index.php?rest_route=\/wp\/v2\/users\/1"}],"replies":[{"embeddable":true,"href":"https:\/\/siteyoficial.com.br\/index.php?rest_route=%2Fwp%2Fv2%2Fcomments&post=11"}],"version-history":[{"count":55,"href":"https:\/\/siteyoficial.com.br\/index.php?rest_route=\/wp\/v2\/pages\/11\/revisions"}],"predecessor-version":[{"id":77,"href":"https:\/\/siteyoficial.com.br\/index.php?rest_route=\/wp\/v2\/pages\/11\/revisions\/77"}],"wp:attachment":[{"href":"https:\/\/siteyoficial.com.br\/index.php?rest_route=%2Fwp%2Fv2%2Fmedia&parent=11"}],"curies":[{"name":"wp","href":"https:\/\/api.w.org\/{rel}","templated":true}]}}